15, what is 2a19 + 28de?
5408
In base 3, what is -1010202212022211212 + 1?
-1010202212022211211
In base 13, what is 1 - -c7a21b5?
c7a21b6
In base 8, what is 161730174 + 3?
161730177
In base 12, what is 25a93337 - 1?
25a93336
In base 5, what is 4441211 - -41441?
10033202
In base 14, what is -34 - -5bc3a5?
5bc371
In base 10, what is -69 + 88100?
88031
In base 13, what is -168c - -682?
-100a
In base 4, what is -321203 - 110130?
-1031333
In base 5, what is -2014 + 320202012?
320144443
In base 3, what is -21001012220120 + -120?
-21001012221010
In base 7, what is -2310455 - 51?
-2310536
In base 4, what is 200321000130 + 1121?
200321001311
In base 10, what is -577237 - -118?
-577119
In base 14, what is 7 + -23ab3b9?
-23ab3b2
In base 15, what is -4 - -10d0bc?
10d0b8
In base 13, what is -37a64b00 + -3?
-37a64b03
In base 4, what is 2102 - -1111202302?
1111211010
In base 14, what is -5 + a47b9?
a47b4
In base 8, what is -5 - -3451507?
3451502
In base 8, what is 274 - -1634065?
1634361
In base 13, what is -2a8a003 + -5?
-2a8a008
In base 16, what is 4 + -aa9fc23?
-aa9fc1f
In base 3, what is -22101 + 11000210?
10201102
In base 14, what is c711 - 1854?
ac9b
In base 15, what is 3201b7c + -3?
3201b79
In base 13, what is -a09 - -42b5?
35a9
In base 15, what is -37b5e38c + 4?
-37b5e388
In base 8, what is -1050074 - 6?
-1050102
In base 12, what is -2558 - 27a71?
-2a409
In base 7, what is -63 - 315465?
-315561
In base 6, what is -233 + 1212442?
1212205
In base 10, what is -38115070 - -6?
-38115064
In base 3, what is -2 - -2210011001102220?
2210011001102211
In base 16, what is 8ff757 + 0?
8ff757
In base 8, what is -3345256 - -2?
-3345254
In base 11, what is 3 + -12aa73340?
-12aa73338
In base 3, what is -2 - -100200121121201120?
100200121121201111
In base 5, what is 12340342112 - -4?
12340342121
In base 4, what is -10320100031 - 12?
-10320100103
In base 11, what is -5 - 4215944?
-4215949
In base 2, what is -1001010 - -111110101100011100101?
111110101100010011011
In base 2, what is 1 + -11001111001101000100?
-11001111001101000011
In base 16, what is 1159bdf + 2?
1159be1
In base 5, what is 10422 + -3231040?
-3220113
In base 15, what is 834 - b91?
-35c
In base 11, what is -1a775 + -4250?
-23a15
In base 5, what is 13032 - -1333044?
1401131
In base 2, what is -101 - 10001100101001110111110010?
-10001100101001110111110111
In base 15, what is -7 + -11a189?
-11a191
In base 14, what is 2d06300 + -8?
2d062d6
In base 4, what is -100121 + 1302100011?
1301333230
In base 12, what is -63 - 1326b5?
-132758
In base 9, what is 57 + 21478248?
21478316
In base 9, what is 143821480 - 0?
143821480
In base 12, what is 446 + -19534?
-190aa
In base 2, what is 100 + -1100011000100010011010111110?
-1100011000100010011010111010
In base 12, what is 14a13514 - -3?
14a13517
In base 2, what is -100 - -1111000110011000110111?
1111000110011000110011
In base 13, what is -2c064 + 162?
-2bc02
In base 9, what is -347666 + 8?
-347657
In base 5, what is -240112423 - -340?
-240112033
In base 8, what is -3 + 15115434?
15115431
In base 7, what is 1 - 102150355?
-102150354
In base 3, what is -121120011211 - -12?
-121120011122
In base 5, what is 2004231424134 + 1?
2004231424140
In base 14, what is -66a95604 + 1?
-66a95603
In base 15, what is -12ea78 + -1ca?
-12ec53
In base 7, what is 246421 + -123?
246265
In base 16, what is -6bc849 - -b?
-6bc83e
In base 7, what is -330 + -116045?
-116405
In base 16, what is -15 + c75d0?
c75bb
In base 7, what is -530 + 25332?
24502
In base 2, what is 1110110111100110010000000101 - 101?
1110110111100110010000000000
In base 16, what is -74ff + -131?
-7630
In base 12, what is b6 + -14b52?
-14a58
In base 4, what is 322013 - 30200?
231213
In base 10, what is -5 + 4335250?
4335245
In base 5, what is -14213034 - 14022?
-14232111
In base 16, what is 27ff0 - -946?
28936
In base 8, what is 1046040 + 22?
1046062
In base 5, what is 1301 - -10401132?
10402433
In base 2, what is 1000011110001110 - -111101011110?
1001011011101100
In base 16, what is -ac9 - -269d?
1bd4
In base 4, what is 2 - 110200223330221?
-110200223330213
In base 15, what is 402525bd - -4?
402525c2
In base 13, what is a46 - 17a00?
-16c87
In base 15, what is 34db5 + 705?
355ba
In base 16, what is 804b0c8c - -3?
804b0c8f
In base 12, what is 20738846 + 0?
20738846
In base 11, what is -1 + -75966944?
-75966945
In base 14, what is -4 - 28b669b?
-28b66a1
In base 13, what is b + 580221?
58022c
In base 13, what is 2 - 1652a4c?
-1652a4a
In base 5, what is -23433110 - 143?
-23433303
In base 2, what is -100 - -110000010000010110111?
110000010000010110011
In base 5, what is 21223311 + 22?
21223333
In base 10, what is 9682 - -2916?
12598
In base 15, what is -39d30 - 207?
-3a037
In base 14, what is 2dd741 + 3?
2dd744
In base 3, what is 2001120202002121 + -110?
2001120202002011
In base 3, what is 10222010 - 10202001?
20002
In base 11, what is -19258 - 11834?
-2aa91
In base 5, what is 2 - 1431300300?
-1431300243
In base 16, what is 4494a + -2?
44948
In base 2, what is -110101111010 + -111000000110101?
-111110110101111
In base 12, what is -316b93 - 16?
-316ba9
In base 4, what is 120320 - 32212303?
-32031323
In base 6, what is 4 - -154404535?
154404543
In base 11, what is -4a6 + -495580?
-495a76
In base 6, what is -220350 + -2504?
-223254
In base 5, what is 3114344343 - 2?
3114344341
In base 5, what is -343443 + -41022?
-440020
In base 16, what is 125c - 147e9?
-1358d
In base 10, what is -8015 + -407?
-8422
In base 2, what is -101000111001011011 + -11010101101?
-101001010100001000
In base 4, what is -10 - 23233313113003?
-23233313113013
In base 6, what is 35434 + 3204011?
3243445
In base 8, what is -7 + -12631674?
-12631703
In base 6, what is 2001 + 4030305?
4032310
In base 11, what is 7a47714 + -4?
7a47710
In base 16, what is cf + -110c57?
-110b88
In base 14, what is -67 - -68c10d?
68c086
In base 12, what is 98 - -6a581?
6a659
In base 9, what is 83620 - -104?
83724
In base 13, what is -5973 - -4932?
-1041
In base 3, what is -1110 + 10212012200102?
10212012121222
In base 4, what is -111021 - 100332?
-212013
In base 3, what is 2101111212102 - -22?
2101111212201
In base 10, what is 115558695 + 3?
115558698
In base 6, what is 5 - -2343554240?
2343554245
In base 3, what is -12111022210001 - 1?
-12111022210002
In base 8, what is 4 + -7657332?
-7657326
In base 11, what is 354a - 257a8?
-22259
In base 3, what is 100 + -12100122200200?
-12100122200100
In base 3, what is 0 - 1110100000002121?
-1110100000002121
In base 9, what is -4 - 12550332?
-12550336
In base 13, what is b + -5b43460?
-5b43452
In base 14, what is 5575dcb + -5?
5575dc6
In base 15, what is -10cacb + 3?
-10cac8
In base 15, what is 3ae14 + -166?
3ac9d
In base 11, what is 3 + 37706124?
37706127
In base 4, what is 2012033211 + 30103?
2012123320
In base 15, what is -47d54 + -11d?
-47e72
In base 10, what is 49811 - -10953?
60764
In base 15, what is -3 + a768a8c?
a768a89
In base 10, what is 337730 + 16?
337746
In base 9, what is -1411556 - -2?
-1411554
In base 7, what is -63443262 - -40?
-63443222
In base 12, what is -1 + -3090a54?
-3090a55
In base 5, what is 3 - 140133020?
-140133012
In base 14, what is -1061c - d8b?
-115a9
In base 16, what is -18d1f8 - d?
-18d205
In base 16, what is -3 - -199164?
199161
In base 2, what is -1110010 + 100101001101011101?
100101001011101011
In base 11, what is -95 + -6539?
-6623
In base 12, what is -159 - -414079?
413b20
In base 12, what is -53731b + 5?
-537316
In base 15, what is -d101 + 4d9?
-cb17
In base 14, what is -5a4c68 + -5?
-5a4c6d
In base 16, what is -2 + ffcd2?
ffcd0
In base 4, what is 233 - 130313012032?
-130313011133
In base 12, what is 2a85238 + -7?
2a85231
In base 4, what is 13100 - -3021?
22121
In base 12, what is 5850436 - 3b?
58503b7
In base 2, what is -10011101110111000 - -10000000101?
-10011011110110011
In base 7, what is -2541336 - 114?
-2541453
In base 3, what is -122 - -12221002021?
12221001122
In base 9, what is 36558 - 34403?
2155
In base 7, what is -311341122 + 66?
-311341023
In base 9, what is -1012 + 51082?
50070
In base 2, what is -10110011 - 1000110111100?
-1001001101111
In base 2, what is -1 + 10100000101111110111000?
10100000101111110110111
In base 13, what is -a28cc1c + 13?
-a28cc09
In base 15, what is 3370e - -2d?
3373c
